{"id":12,"date":"2016-09-23T00:35:36","date_gmt":"2016-09-22T22:35:36","guid":{"rendered":"http:\/\/localhost\/wordpress\/?page_id=12"},"modified":"2018-11-26T20:08:25","modified_gmt":"2018-11-26T19:08:25","slug":"team","status":"publish","type":"page","link":"https:\/\/team-holzwerk.de\/index.php\/team\/","title":{"rendered":"Team"},"content":{"rendered":"<h1>Teamleader \/ Gesch\u00e4ftsf\u00fchrer<\/h1>\n<div class=\"row\">\n<div class=\"col-md-3\">\n<a href=\"http:\/\/team-holzwerk.de\/wp-content\/uploads\/2018\/11\/IMG_7555-e1543257260993.jpg\"><img decoding=\"async\" loading=\"lazy\" src=\"http:\/\/team-holzwerk.de\/wp-content\/uploads\/2018\/11\/IMG_7555-768x1024.jpg\" alt=\"\" width=\"196\" height=\"256\" class=\"alignleft size-large wp-image-297\" \/><\/a>\n<\/div>\n<div class=\"col-md-9\">\n<h3>Daniel Schmidt<\/h3>\n<p>gelernter Schreiner mit langj\u00e4hriger Berufserfahrung<\/p>\n<p>Firmengr\u00fcndung Januar 2011<\/p>\n<p>regelm\u00e4\u00dfige Teilnahme an Weiterbildungen in der Schweiz und in Deutschland\n<\/p><\/div>\n<\/div>\n","protected":false},"excerpt":{"rendered":"<p>Teamleader \/ Gesch\u00e4ftsf\u00fchrer Daniel Schmidt gelernter Schreiner mit langj\u00e4hriger Berufserfahrung Firmengr\u00fcndung Januar 2011 regelm\u00e4\u00dfige Teilnahme an Weiterbildungen in der Schweiz und in Deutschland<\/p>\n","protected":false},"author":1,"featured_media":0,"parent":0,"menu_order":0,"comment_status":"closed","ping_status":"closed","template":"template-fullwidth.php","meta":[],"_links":{"self":[{"href":"https:\/\/team-holzwerk.de\/index.php\/wp-json\/wp\/v2\/pages\/12"}],"collection":[{"href":"https:\/\/team-holzwerk.de\/index.php\/wp-json\/wp\/v2\/pages"}],"about":[{"href":"https:\/\/team-holzwerk.de\/index.php\/wp-json\/wp\/v2\/types\/page"}],"author":[{"embeddable":true,"href":"https:\/\/team-holzwerk.de\/index.php\/wp-json\/wp\/v2\/users\/1"}],"replies":[{"embeddable":true,"href":"https:\/\/team-holzwerk.de\/index.php\/wp-json\/wp\/v2\/comments?post=12"}],"version-history":[{"count":8,"href":"https:\/\/team-holzwerk.de\/index.php\/wp-json\/wp\/v2\/pages\/12\/revisions"}],"predecessor-version":[{"id":298,"href":"https:\/\/team-holzwerk.de\/index.php\/wp-json\/wp\/v2\/pages\/12\/revisions\/298"}],"wp:attachment":[{"href":"https:\/\/team-holzwerk.de\/index.php\/wp-json\/wp\/v2\/media?parent=12"}],"curies":[{"name":"wp","href":"https:\/\/api.w.org\/{rel}","templated":true}]}}